[INFO] cloning repository https://github.com/obayemi/wd
[INFO] running `Command { std: "git" "-c" "credential.helper=" "-c" "credential.helper=/workspace/cargo-home/bin/git-credential-null" "clone" "--bare" "https://github.com/obayemi/wd" "/workspace/cache/git-repos/https%3A%2F%2Fgithub.com%2Fobayemi%2Fwd", kill_on_drop: false }`
[INFO] [stderr] Cloning into bare repository '/workspace/cache/git-repos/https%3A%2F%2Fgithub.com%2Fobayemi%2Fwd'...
[INFO] running `Command { std: "git" "rev-parse" "HEAD", kill_on_drop: false }`
[INFO] [stdout] cd8d20da81476676ed8cf32e983a2afe942f5f6f
[INFO] checking obayemi/wd against try#72f88fc4e9458f89516a0b8b0868f3718aec5b47 for pr-74989
[INFO] running `Command { std: "git" "clone" "/workspace/cache/git-repos/https%3A%2F%2Fgithub.com%2Fobayemi%2Fwd" "/workspace/builds/worker-0/source", kill_on_drop: false }`
[INFO] [stderr] Cloning into '/workspace/builds/worker-0/source'...
[INFO] [stderr] done.
[INFO] validating manifest of git repo https://github.com/obayemi/wd on toolchain 72f88fc4e9458f89516a0b8b0868f3718aec5b47
[INFO] running `Command { std: "/workspace/cargo-home/bin/cargo" "+72f88fc4e9458f89516a0b8b0868f3718aec5b47" "read-manifest" "--manifest-path" "Cargo.toml", kill_on_drop: false }`
[INFO] started tweaking git repo https://github.com/obayemi/wd
[INFO] finished tweaking git repo https://github.com/obayemi/wd
[INFO] tweaked toml for git repo https://github.com/obayemi/wd written to /workspace/builds/worker-0/source/Cargo.toml
[INFO] crate git repo https://github.com/obayemi/wd already has a lockfile, it will not be regenerated
[INFO] running `Command { std: "/workspace/cargo-home/bin/cargo" "+72f88fc4e9458f89516a0b8b0868f3718aec5b47" "fetch" "--locked" "--manifest-path" "Cargo.toml", kill_on_drop: false }`
[INFO] [stderr]     Blocking waiting for file lock on package cache
[INFO] [stderr] error: the lock file /workspace/builds/worker-0/source/Cargo.lock needs to be updated but --locked was passed to prevent this
[INFO] [stderr] If you want to try to generate the lock file without accessing the network, use the --offline flag.
[INFO] the lockfile is outdated, regenerating it
[INFO] running `Command { std: "/workspace/cargo-home/bin/cargo" "+72f88fc4e9458f89516a0b8b0868f3718aec5b47" "generate-lockfile" "--manifest-path" "Cargo.toml" "-Zno-index-update", kill_on_drop: false }`
[INFO] [stderr]     Blocking waiting for file lock on package cache
[INFO] [stderr]     Updating git repository `https://github.com/clap-rs/clap/`
[INFO] running `Command { std: "/workspace/cargo-home/bin/cargo" "+72f88fc4e9458f89516a0b8b0868f3718aec5b47" "fetch" "--locked" "--manifest-path" "Cargo.toml", kill_on_drop: false }`
[INFO] running `Command { std: "docker" "create" "-v" "/var/lib/crater-agent-workspace/builds/worker-0/target:/opt/rustwide/target:rw,Z" "-v" "/var/lib/crater-agent-workspace/builds/worker-0/source:/opt/rustwide/workdir:ro,Z" "-v" "/var/lib/crater-agent-workspace/cargo-home:/opt/rustwide/cargo-home:ro,Z" "-v" "/var/lib/crater-agent-workspace/rustup-home:/opt/rustwide/rustup-home:ro,Z" "-e" "SOURCE_DIR=/opt/rustwide/workdir" "-e" "CARGO_TARGET_DIR=/opt/rustwide/target" "-e" "CARGO_HOME=/opt/rustwide/cargo-home" "-e" "RUSTUP_HOME=/opt/rustwide/rustup-home" "-w" "/opt/rustwide/workdir" "-m" "1610612736" "--user" "0:0" "--network" "none" "rustops/crates-build-env@sha256:d92eaeed33fa75130ca1ee6c8a01d1ffb62bac859dfdfb3450e3e5d1c0146529" "/opt/rustwide/cargo-home/bin/cargo" "+72f88fc4e9458f89516a0b8b0868f3718aec5b47" "metadata" "--no-deps" "--format-version=1", kill_on_drop: false }`
[INFO] [stdout] 172c425c653574441e29702aa33f008ce8cfef238d36c425ecfbca22962ff6f4
[INFO] [stderr] WARNING: Your kernel does not support swap limit capabilities or the cgroup is not mounted. Memory limited without swap.
[INFO] running `Command { std: "docker" "start" "-a" "172c425c653574441e29702aa33f008ce8cfef238d36c425ecfbca22962ff6f4", kill_on_drop: false }`
[INFO] running `Command { std: "docker" "inspect" "172c425c653574441e29702aa33f008ce8cfef238d36c425ecfbca22962ff6f4", kill_on_drop: false }`
[INFO] running `Command { std: "docker" "rm" "-f" "172c425c653574441e29702aa33f008ce8cfef238d36c425ecfbca22962ff6f4", kill_on_drop: false }`
[INFO] [stdout] 172c425c653574441e29702aa33f008ce8cfef238d36c425ecfbca22962ff6f4
[INFO] running `Command { std: "docker" "create" "-v" "/var/lib/crater-agent-workspace/builds/worker-0/target:/opt/rustwide/target:rw,Z" "-v" "/var/lib/crater-agent-workspace/builds/worker-0/source:/opt/rustwide/workdir:ro,Z" "-v" "/var/lib/crater-agent-workspace/cargo-home:/opt/rustwide/cargo-home:ro,Z" "-v" "/var/lib/crater-agent-workspace/rustup-home:/opt/rustwide/rustup-home:ro,Z" "-e" "SOURCE_DIR=/opt/rustwide/workdir" "-e" "CARGO_TARGET_DIR=/opt/rustwide/target" "-e" "CARGO_INCREMENTAL=0" "-e" "RUST_BACKTRACE=full" "-e" "RUSTFLAGS=--cap-lints=forbid" "-e" "CARGO_HOME=/opt/rustwide/cargo-home" "-e" "RUSTUP_HOME=/opt/rustwide/rustup-home" "-w" "/opt/rustwide/workdir" "-m" "1610612736" "--user" "0:0" "--network" "none" "rustops/crates-build-env@sha256:d92eaeed33fa75130ca1ee6c8a01d1ffb62bac859dfdfb3450e3e5d1c0146529" "/opt/rustwide/cargo-home/bin/cargo" "+72f88fc4e9458f89516a0b8b0868f3718aec5b47" "check" "--frozen" "--all" "--all-targets" "--message-format=json", kill_on_drop: false }`
[INFO] [stdout] 5e31e5e62335f0b7b3303c4fd80fda638662a1aa954a58e6be1979a172260d47
[INFO] [stderr] WARNING: Your kernel does not support swap limit capabilities or the cgroup is not mounted. Memory limited without swap.
[INFO] running `Command { std: "docker" "start" "-a" "5e31e5e62335f0b7b3303c4fd80fda638662a1aa954a58e6be1979a172260d47", kill_on_drop: false }`
[INFO] [stderr]    Compiling proc-macro2 v1.0.21
[INFO] [stderr]    Compiling syn v1.0.41
[INFO] [stderr]    Compiling libc v0.2.77
[INFO] [stderr]    Compiling serde_derive v1.0.116
[INFO] [stderr]    Compiling serde v1.0.116
[INFO] [stderr]     Checking hashbrown v0.9.0
[INFO] [stderr]    Compiling serde_json v1.0.57
[INFO] [stderr]     Checking strsim v0.10.0
[INFO] [stderr]     Checking cfg-if v0.1.10
[INFO] [stderr]     Checking vec_map v0.8.2
[INFO] [stderr]     Checking os_str_bytes v2.3.2
[INFO] [stderr]     Checking lazy_static v1.4.0
[INFO] [stderr]    Compiling proc-macro-error-attr v1.0.4
[INFO] [stderr]    Compiling proc-macro-error v1.0.4
[INFO] [stderr]    Compiling indexmap v1.6.0
[INFO] [stderr]     Checking textwrap v0.12.1
[INFO] [stderr]     Checking dirs-sys v0.3.5
[INFO] [stderr]     Checking atty v0.2.14
[INFO] [stderr]     Checking dirs v2.0.2
[INFO] [stderr]    Compiling quote v1.0.7
[INFO] [stderr]    Compiling clap_derive v3.0.0-beta.1 (https://github.com/clap-rs/clap/#03c11607)
[INFO] [stderr]     Checking clap v3.0.0-beta.1 (https://github.com/clap-rs/clap/#03c11607)
[INFO] [stderr]     Checking wdbin v1.1.0 (/opt/rustwide/workdir)
[INFO] [stdout] error[E0308]: mismatched types
[INFO] [stdout]   --> src/main.rs:72:20
[INFO] [stdout]    |
[INFO] [stdout] 72 |     #[clap(short = "c", long = "confidence", default_value = "0.4")]
[INFO] [stdout]    |                    ^^^ expected `char`, found `&str`
[INFO] [stdout] 
[INFO] [stdout] 
[INFO] [stdout] error[E0308]: mismatched types
[INFO] [stdout]   --> src/main.rs:75:20
[INFO] [stdout]    |
[INFO] [stdout] 75 |     #[clap(short = "l", long = "list")]
[INFO] [stdout]    |                    ^^^ expected `char`, found `&str`
[INFO] [stdout] 
[INFO] [stdout] 
[INFO] [stdout] error[E0308]: mismatched types
[INFO] [stdout]   --> src/main.rs:81:20
[INFO] [stdout]    |
[INFO] [stdout] 81 |     #[clap(short = "d", long = "debug")]
[INFO] [stdout]    |                    ^^^ expected `char`, found `&str`
[INFO] [stdout] 
[INFO] [stdout] 
[INFO] [stdout] error: aborting due to 3 previous errors
[INFO] [stdout] 
[INFO] [stdout] 
[INFO] [stdout] For more information about this error, try `rustc --explain E0308`.
[INFO] [stdout] 
[INFO] [stderr] error: could not compile `wdbin`.
[INFO] [stderr] 
[INFO] [stderr] To learn more, run the command again with --verbose.
[INFO] [stderr] warning: build failed, waiting for other jobs to finish...
[INFO] [stdout] error[E0308]: mismatched types
[INFO] [stdout]   --> src/main.rs:72:20
[INFO] [stdout]    |
[INFO] [stdout] 72 |     #[clap(short = "c", long = "confidence", default_value = "0.4")]
[INFO] [stdout]    |                    ^^^ expected `char`, found `&str`
[INFO] [stdout] 
[INFO] [stdout] 
[INFO] [stdout] error[E0308]: mismatched types
[INFO] [stdout]   --> src/main.rs:75:20
[INFO] [stdout]    |
[INFO] [stdout] 75 |     #[clap(short = "l", long = "list")]
[INFO] [stdout]    |                    ^^^ expected `char`, found `&str`
[INFO] [stdout] 
[INFO] [stdout] 
[INFO] [stdout] error[E0308]: mismatched types
[INFO] [stdout]   --> src/main.rs:81:20
[INFO] [stdout]    |
[INFO] [stdout] 81 |     #[clap(short = "d", long = "debug")]
[INFO] [stdout]    |                    ^^^ expected `char`, found `&str`
[INFO] [stdout] 
[INFO] [stdout] 
[INFO] [stdout] error: aborting due to 3 previous errors
[INFO] [stdout] 
[INFO] [stdout] 
[INFO] [stdout] For more information about this error, try `rustc --explain E0308`.
[INFO] [stdout] 
[INFO] [stderr] error: build failed
[INFO] running `Command { std: "docker" "inspect" "5e31e5e62335f0b7b3303c4fd80fda638662a1aa954a58e6be1979a172260d47", kill_on_drop: false }`
[INFO] running `Command { std: "docker" "rm" "-f" "5e31e5e62335f0b7b3303c4fd80fda638662a1aa954a58e6be1979a172260d47", kill_on_drop: false }`
[INFO] [stdout] 5e31e5e62335f0b7b3303c4fd80fda638662a1aa954a58e6be1979a172260d47
